{"id":7049,"date":"2011-05-09T13:53:04","date_gmt":"2011-05-09T11:53:04","guid":{"rendered":"https:\/\/internetdagarna.se\/?page_id=7049"},"modified":"2020-03-09T12:59:22","modified_gmt":"2020-03-09T11:59:22","slug":"tidigare","status":"publish","type":"page","link":"https:\/\/internetdagarna.se\/tidigare\/","title":{"rendered":"Arkiv"},"content":{"rendered":"<p>\u00c4ldre versioner av internetdagarna.se fr\u00e5n tidigare \u00e5r<\/p>\n<ul>\n<li><a href=\"http:\/\/iis-internetdagarna-arkiv.s3-website.eu-north-1.amazonaws.com\/arkiv\/2019\/program\/\">2019<\/a><\/li>\n<li><a href=\"http:\/\/iis-internetdagarna-arkiv.s3-website.eu-north-1.amazonaws.com\/arkiv\/2018\/program\/\">2018<\/a><\/li>\n<li><a href=\"http:\/\/iis-internetdagarna-arkiv.s3-website.eu-north-1.amazonaws.com\/arkiv\/2017\/program\/\">2017<\/a><\/li>\n<li><a href=\"http:\/\/iis-internetdagarna-arkiv.s3-website.eu-north-1.amazonaws.com\/arkiv\/2016\/\">2016<\/a><\/li>\n<li><a href=\"http:\/\/iis-internetdagarna-arkiv.s3-website.eu-north-1.amazonaws.com\/arkiv\/2015\/internetdagarna.se\/program\/\">2015<\/a><\/li>\n<li><a href=\"http:\/\/iis-internetdagarna-arkiv.s3-website.eu-north-1.amazonaws.com\/arkiv\/2014\/program\/\">2014<\/a><\/li>\n<li><a href=\"http:\/\/iis-internetdagarna-arkiv.s3-website.eu-north-1.amazonaws.com\/arkiv\/2013\/www.internetdagarna.se\/program\/\">2013<\/a><\/li>\n<li><a href=\"http:\/\/iis-internetdagarna-arkiv.s3-website.eu-north-1.amazonaws.com\/arkiv\/2012\/www.internetdagarna.se\/ind12\/program\/index\/2012-10-23.html\">2012<\/a><\/li>\n<li><a href=\"http:\/\/iis-internetdagarna-arkiv.s3-website.eu-north-1.amazonaws.com\/arkiv\/2011\/www.internetdagarna.se\/ind11\/program\/\">2011<\/a><\/li>\n<li><a href=\"http:\/\/iis-internetdagarna-arkiv.s3-website.eu-north-1.amazonaws.com\/arkiv\/2010\/www.internetdagarna.se\/program\/index\/2010-10-26.html\">2010<\/a><\/li>\n<li><a href=\"http:\/\/iis-internetdagarna-arkiv.s3-website.eu-north-1.amazonaws.com\/arkiv\/2009\/program-2009\/3-november.html\">2009<\/a><\/li>\n<li><a href=\"http:\/\/iis-internetdagarna-arkiv.s3-website.eu-north-1.amazonaws.com\/arkiv\/2008\/www.internetdagarna.se\/\">2008<\/a><\/li>\n<li><a href=\"http:\/\/iis-internetdagarna-arkiv.s3-website.eu-north-1.amazonaws.com\/arkiv\/2007\/\">2007<\/a><\/li>\n<li><a href=\"http:\/\/iis-internetdagarna-arkiv.s3-website.eu-north-1.amazonaws.com\/arkiv\/2006\/\">2006<\/a><\/li>\n<li><a href=\"http:\/\/iis-internetdagarna-arkiv.s3-website.eu-north-1.amazonaws.com\/arkiv\/2005\/\">2005<\/a><\/li>\n<li><a href=\"http:\/\/iis-internetdagarna-arkiv.s3-website.eu-north-1.amazonaws.com\/arkiv\/2004\/\">2004<\/a><\/li>\n<li><a href=\"http:\/\/iis-internetdagarna-arkiv.s3-website.eu-north-1.amazonaws.com\/arkiv\/2003\/\">2003<\/a><\/li>\n<li><a href=\"http:\/\/iis-internetdagarna-arkiv.s3-website.eu-north-1.amazonaws.com\/arkiv\/2002\/\">2002<\/a><\/li>\n<li><a href=\"http:\/\/iis-internetdagarna-arkiv.s3-website.eu-north-1.amazonaws.com\/arkiv\/2001\/\">2001<\/a><\/li>\n<li><a href=\"http:\/\/iis-internetdagarna-arkiv.s3-website.eu-north-1.amazonaws.com\/arkiv\/2000\/\">2000<\/a><\/li>\n<\/ul>\n<p>&nbsp;<\/p>\n","protected":false},"excerpt":{"rendered":"<p>\u00c4ldre versioner av internetdagarna.se fr\u00e5n tidigare \u00e5r 2019 2018 2017 2016 2015 2014 2013 2012 2011 2010 2009 2008 2007 2006 2005 2004 2003 2002 2001 2000 &nbsp;<\/p>\n","protected":false},"author":86,"featured_media":0,"parent":0,"menu_order":5,"comment_status":"open","ping_status":"closed","template":"","meta":[],"_links":{"self":[{"href":"https:\/\/internetdagarna.se\/wp-json\/wp\/v2\/pages\/7049"}],"collection":[{"href":"https:\/\/internetdagarna.se\/wp-json\/wp\/v2\/pages"}],"about":[{"href":"https:\/\/internetdagarna.se\/wp-json\/wp\/v2\/types\/page"}],"author":[{"embeddable":true,"href":"https:\/\/internetdagarna.se\/wp-json\/wp\/v2\/users\/86"}],"replies":[{"embeddable":true,"href":"https:\/\/internetdagarna.se\/wp-json\/wp\/v2\/comments?post=7049"}],"version-history":[{"count":32,"href":"https:\/\/internetdagarna.se\/wp-json\/wp\/v2\/pages\/7049\/revisions"}],"predecessor-version":[{"id":29576,"href":"https:\/\/internetdagarna.se\/wp-json\/wp\/v2\/pages\/7049\/revisions\/29576"}],"wp:attachment":[{"href":"https:\/\/internetdagarna.se\/wp-json\/wp\/v2\/media?parent=7049"}],"curies":[{"name":"wp","href":"https:\/\/api.w.org\/{rel}","templated":true}]}}